 digit of q?
3
Let m(f) = -2*f**3 - 19*f**2 + 17*f + 110. What is the tens digit of m(-15)?
3
What is the units digit of 2328/(-12)*26/(-4)?
1
Let a = 1051 - -1242. What is the hundreds digit of a?
2
Let h be (-15)/20 + 6/8. Suppose 0 = -5*r + u + 227 + 82, h = -4*r - 3*u + 251. What is the units digit of r?
2
Suppose 2*l = -5*p + 2127, -5*p + 729 - 3882 = -3*l. What is the hundreds digit of l?
0
Suppose 4*v - 4*i = i + 293, 0 = -2*v + i + 139. Suppose -3*p + v = -86. What is the tens digit of p?
5
Let f = 35 + -32. Suppose 15 = 5*w, -5*w = 5*c - f*w - 86. What is the tens digit of c?
1
Suppose -189*c = -194*c + 12310. What is the hundreds digit of c?
4
Let r be 9/18*(-20)/(-2). Suppose -5*m + 270 = -r*s, 4*s + s = 3*m - 152. Suppose -m + 164 = 3*b. What is the tens digit of b?
3
Let b be (-1482)/(-9) + (-2)/3. Let i = b - -4. What is the hundreds digit of i?
1
What is the tens digit of -17*(201 - 0)*-1?
1
Suppose -3*x = -576 - 1011. Suppose x = 5*h + 2*q - q, 4*h + 5*q - 419 = 0. What is the units digit of h?
6
Suppose 0 = 13*m + 619 - 6365. What is the tens digit of m?
4
Let y be -5*(12/(-2) - -1). Let p be ((-30)/y)/((-6)/(-20)). What is the units digit of ((-20)/(-8))/((-2)/p)?
5
What is the tens digit of (27507/6 - 11)*2/3?
4
Suppose -22*b + 41*b = 15713. What is the units digit of b?
7
Suppose 2*x + 3*x + 25 = 0, 3*x - 125 = -5*i. Suppose 0 = 5*v - 289 + 34. Let k = v - i. What is the units digit of k?
3
Suppose n - 747 = -5*u, 5*n + 2*u + 2*u - 3672 = 0. What is the units digit of n?
2
Suppose -4*z = v - 1090, 3*v - 1366 = -2*z - 3*z. What is the units digit of z?
2
Let t = -61 - -57. What is the tens digit of t/(-34) - (-676)/34?
2
Let w = 6195 - 4263. What is the units digit of w?
2
Let n be 247/91 - (-2)/7. Suppose 5*y - 132 = n*y. What is the units digit of y?
6
What is the units digit of (-84 - -87)/(1/((-10274)/(-6)))?
7
Suppose 28393 - 8633 = 10*k. What is the units digit of k?
6
Suppose -3*a - 2*a = 55. Let q be a/55 + 1782/10. Suppose 4*v - q = -14. What is the units digit of v?
1
Let h = 1494 + -1118. What is the tens digit of h?
7
Let v(x) = 7*x**2 + 7*x + 4. What is the tens digit of v(4)?
4
Suppose 25 = 3*d - 5*z, -z + 8 = 2*d - 0. Suppose -4*u - 2 = -d*u. Suppose -g - 4 = -2*i - 5*g, -u*i + 22 = -5*g. What is the units digit of i?
6
Let z = -4 + -28. Let c = -28 - z. What is the tens digit of c/((-200)/(-65) - 3)?
5
Let g(s) = s**3 + 8*s**2 - 10*s - 8. Let f be g(-9). Suppose -3*p + f = -2*j - 7, -9 = j - 4*p. Let r(d) = -18*d**3 - 2*d - 1. What is the units digit of r(j)?
9
Let z = -9 - -11. Suppose -3*b + 85 = -z*b. What is the units digit of b?
5
Suppose -4*s = -3*j + 3657 + 655, 5*j - 3*s - 7194 = 0. What is the thousands digit of j?
1
Suppose l - 4 - 2 = 0. Suppose -r - l = -95. What is the tens digit of r?
8
Let r be (-3*(-6)/(-9))/(2/(-4)). What is the tens digit of r*(-2)/8*-73?
7
Suppose 68*g = 65*g - f - 58, 5*f - 110 = 5*g. Let r be -2 - 4 - (0 + -1). What is the tens digit of (-808)/g + (-3)/r?
4
Let w = -15 + 23. What is the units digit of ((36/w)/9)/(2/4)?
1
Suppose -5*q + 15 + 10 = 0. Suppose 269 = q*l + 5*c + 104, -3*c = -6. What is the units digit of l?
1
Suppose -1269 = -24*s + 2499. What is the tens digit of s?
5
Let j = 31 - -20. Let o be (-12)/(-6)*(-18)/(-16)*-4. Let v = o + j. What is the tens digit of v?
4
Let l = 375 - 374. What is the units digit of l?
1
What is the hundreds digit of (-4550)/(-14) - -1*6?
3
Suppose 0 = -4*b - z - 452, 2*z = -6*b + 2*b - 456. Let j = b - -162. Suppose -5*g - 5*i = -j, -i + 41 = 5*g - 5*i. What is the units digit of g?
9
Let v(n) = -n. Let f be v(-7). Let i(j) = -j**3 + 7*j**2 - 2*j + 6. Let x be i(f). What is the units digit of (-34)/((-5)/((-20)/x))?
7
Suppose -3*h + 22 = 2*h + 4*y, 4*y = h + 10. Suppose -3 = -2*f + 3, 5*a + f + h = 0. Let z(x) = -43*x. What is the tens digit of z(a)?
4
Let h(o) = 123*o + 31. What is the units digit of h(12)?
7
Let r = 677 - 1043. What is the tens digit of ((-168)/(-18) + -8)*r/(-4)?
2
Suppose -2*h - 159 - 951 = 0. What is the units digit of -2 + h/(-6) - 2/4?
0
Suppose -5*t + 2 = -0*t + 4*p, -1 = 2*t + p. What is the tens digit of t + (-24)/(-9) - 1220/(-15)?
8
Let l(d) = 15*d - 19. Let c(x) = 29*x - 38. Let u(y) = -6*c(y) + 11*l(y). Let p be u(6). Let o = p + 62. What is the units digit of o?
7
Let x(w) = 28*w**2 - w - 19. What is the tens digit of x(-6)?
9
Let v be (-51)/(-17)*(-1)/3. What is the units digit of -4 + 0/v + 70?
6
Suppose -7 = 8*b - 23. Suppose -b*d = 5*u - 63, 18 = -3*u + 4*u - 5*d. What is the tens digit of u?
1
Suppose 5*g - 5*q - 155 = 0, 4*g - 151 = -6*q + q. Let d = g + -36. Let y(j) = 17*j**2 + 2*j + 6. What is the units digit of y(d)?
0
Let r(q) = 3*q - 2*q - 25 + 13*q. What is the tens digit of r(7)?
7
Suppose -4*d + 23 = b, 2*d + d = 2*b + 9. Suppose -3*j = 4*s - 88 - 267, 4*s = d*j + 315. What is the tens digit of s?
8
Let j(n) be the second derivative of 7*n**3/3 - 53*n**2/2 + 12*n. What is the units digit of j(13)?
9
Let q(r) be the third derivative of r**6/120 + r**5/12 + r**4/24 - 2*r**2. Let x be q(-4). What is the tens digit of ((-1)/(-3))/(x/540)?
1
Let n(a) be the third derivative of a**6/120 - 7*a**4/24 - 20*a**2. What is the tens digit of n(6)?
7
Let g be (-1)/((-4)/12) - -11. Let d(b) = -6*b + 7. Let u(o) = 7*o - 7. Let q(a) = -4*d(a) - 3*u(a). What is the tens digit of q(g)?
3
What is the hundreds digit of 2262/12 + 6 - (-3)/(-6)?
1
Let y = 40 - 40. Suppose 44 = n + 3*f, y + 8 = 4*f. What is the tens digit of n?
3
Suppose 13*i = 10*i + 6. Suppose 5*b - i*t - 26 = b, 2*b = 3*t + 19. Suppose -5*x + 89 = -4*n, 3*n = b*x - 19 - 74. What is the tens digit of x?
2
Let j be (-40)/3*9/(-6). Suppose j = a + 4*a. Suppose 1 = -2*x - 5, 3*u - a*x - 162 = 0. What is the units digit of u?
0
Suppose -n = n + 64. Suppose -4*t = -6*t + 156. Let l = t + n. What is the tens digit of l?
4
Let p(f) = -53*f**3 + f. Let w be p(-1). Suppose 0 = 4*r + 52 + w. Let j = -6 - r. What is the units digit of j?
0
Suppose -9*x + 1122 = -3963. What is the tens digit of x?
6
Suppose 0 = 7*k - 371 + 63. Let u = k + 47. What is the tens digit of u?
9
Let r = -130 + 139. Suppose -2233 = -16*f + r*f. What is the hundreds digit of f?
3
Let o(b) = 766*b**2 + 10*b - 10. What is the units digit of o(1)?
6
What is the hundreds digit of (204/18)/(6/423)?
7
Suppose a = -a + 6. Suppose -11*m + 120 = 9*m. Suppose -228 = -m*f + a*f. What is the tens digit of f?
7
Let r(q) = q**3 - q**2 - 2*q + 89. Let w = -20 - -20. What is the units digit of r(w)?
9
Let b = 0 - -4. Let z be -2*1 + b/4. What is the units digit of (z/1)/((-3)/9)?
3
Suppose 0 = -32*b + 34*b - 166. Let a = 38 + b. What is the tens digit of a?
2
Let a(b) = b**2 - 20*b - 23. Let u be a(-8). Suppose 3*d - 384 = u. What is the hundreds digit of d?
1
Let h = -1732 - -3415. What is the thousands digit of h?
1
Let g(f) = -f**2 + 13*f - 20. Let h(i) = i**3 + 10*i**2 + 7*i - 13. Let v be h(-9). What is the units digit of g(v)?
0
Suppose 0*p + 50 = -5*p + 3*h, -p + 3*h = 10. Let m be ((-12)/15)/(4/p). Suppose -3*x - x - m*y = -36, y + 30 = 4*x. What is the units digit of x?
8
Let i(h) = -3*h - 2. Let g(l) = -7*l - 5. Let f(r) = -2*g(r) + 5*i(r). Let w be f(-4). Suppose -w*j + 9*j = 245. What is the units digit of j?
9
Let t be 14/(-63) - 50/18 - -3. What is the hundreds digit of 294 + -1*(t - 2)?
2
Let w = 3 + -6. Let o(g) be the second derivative of -g**5/10 - 5*g**4/12 - 5*g**3/6 - 2*g**2 - 12*g. What is the units digit of o(w)?
0
Let h(g) = 8*g**2 + 103. What is the tens digit of h(9)?
5
Let a(w) = w**3 - 8*w**2 - 5*w + 16. Let t be a(11). Suppose 2*s - 66 = t. What is the tens digit of s?
9
Let k(p) = -2*p**3 + 4*p**2 + 3*p - 9. Let o be k(3). Let i = 71 - o. What is the tens digit of i?
8
Suppose 10 = 3*c + 2*c. What is the tens digit of c/((-1)/((-108)/8))?
2
Let m = -138 - -397. Suppose r - m = -r + 5*x, -4*r = -x - 509. What is the hundreds digit of r?
1
Let c = 468 - 891. What is the units digit of c/6*4/(-6)*1?
7
Let b = 4635 + -3078. What is the hundreds digit of b?
5
Let j be -4 + 0 + 2 - 5. Let z(b) = b**2 - 4*b + 1. Let t(q) = 3*q**2 - 9*q + 2. Let r(m) = j*z(m) + 3*t(m). What is the units digit of r(2)?
9
Let y = 36 - 32. Suppose -7*u + y*u + 5*h = -162, -2*u - h = 